
True
Is (8/8)/(1/19) a composite number?
False
Suppose 0 = 2*j + 2*j + 12. Is (-2)/j - (-55)/3 composite?
False
Suppose 0 = -67*b + 64*b + 3957. Is b prime?
True
Let q = -2 - 0. Let a be (-13)/3*3/(-1). Let d = a - q. Is d a prime number?
False
Let b(m) = m**3 + 21*m**2 - 19*m - 2. Is b(-21) a prime number?
True
Let y = -184 + 70. Let n be (-1)/((-3)/y*2). Let f = n + 62. Is f composite?
False
Let k = -35 + 111. Suppose 5*v - 3*x - k = -6, 4*v - 56 = -2*x. Is v prime?
False
Let k(c) be the second derivative of -c**5/20 - 7*c**4/12 + 2*c**3 + 13*c**2/2 + 5*c. Is k(-9) prime?
True
Let r be ((-3)/((-3)/2))/(-1). Is r + (12 + 3 - 3) a prime number?
False
Suppose -2*m + 5*u + 4913 = 0, -4*u = m + u - 2434. Is m a prime number?
False
Let n(d) = 1657*d**2. Is n(-1) prime?
True
Let u(s) = -s + 2. Let f be u(1). Let a = -9 - -6. Is (f + 83)/3 + a a prime number?
False
Suppose 4*i - 37 = -3*v + 2*i, 34 = v + 5*i. Let w be (-50)/(-18) - (-2)/v. Suppose -r = u - 37, -w*r + 20 = u - 87. Is r prime?
False
Let n = 10 - 6. Suppose n*p - 6 = 5*h, -3*p - h = -4*p + 2. Suppose -233 = -p*j + 251. Is j a prime number?
False
Let h(b) = b**2 - 11*b + 8. Let g be h(10). Suppose 3*w + 3 = 6. Is (w + g)/((-3)/66) a composite number?
True
Is 495 + 2 + -1 - 5 a prime number?
True
Let p be -8 - (1*-2 + 0). Let f be (-2 + -2)*p/4. Is 225/f + 2/(-4) a composite number?
False
Let g(a) = 12*a**3 - 4*a**2 + 2*a + 1. Let d = -6 + 8. Is g(d) a prime number?
False
Is (-4 - -4449 - 2)/3 composite?
False
Let d = 1282 - 909. Is d composite?
False
Suppose -5 = -3*m + 2*u + 11, -4*m + 2*u + 20 = 0. Is 12/10*10/m a composite number?
False
Let s = -27 + 76. Suppose 0 = 3*m - 8 - s. Is m a prime number?
True
Let h = -97 - -738. Is h composite?
False
Let c(w) = 14*w - 1. Let r(m) = m**2 - 5*m + 4. Let l be r(3). Let k be (2/4)/((-1)/l). Is c(k) a composite number?
False
Suppose -6*p + 5815 = -2999. Is p composite?
True
Let g(c) = 24*c**2 + c - 2. Is g(3) composite?
True
Let t(s) = -s**2 + s + 319. Is t(0) composite?
True
Suppose -s + 39 = -0. Is s a composite number?
True
Let n(z) = -z**3 + 5*z**2 - z + 7. Let l be n(5). Suppose 2*f + 36 = -l*f. Let d = 28 + f. Is d composite?
False
Let v(t) = -t**2 + 6*t - 12. Let n(p) = p**2 - 4*p + 6. Let j be n(5). Let c be v(j). Let g = c - -134. Is g prime?
True
Let q(g) = g**3 - 4*g**2 - 4*g + 1. Is q(5) composite?
True
Suppose -7 = w - 3*h - 20, -4*h - 14 = 2*w. Let b be (-1)/(w/(-3 + 0)). Suppose 3 = -2*i + b*i, 0 = 4*k - i - 233. Is k composite?
False
Suppose 3*r = -0*r. Suppose r = -4*h - 0*h + 636. Is h a composite number?
True
Let m(n) = n**2 + 1. Let s be m(0). Let r be (0 + s)/(1/(-11)). Let y = 33 + r. Is y composite?
True
Suppose -8*k + 12839 = 1623. Is k composite?
True
Suppose -4*y + w + 2155 = 0, 3*y + w - 1348 = 263. Is y composite?
True
Is ((-28 - 0) + 0)*7792/(-64) a prime number?
False
Let h(w) = -w - 1. Let v(n) = n**2 - 3*n - 8. Let l(c) = -5*h(c) + v(c). Let i be l(2). Suppose 2*d - i = 15. Is d composite?
True
Suppose -6*u + 14555 - 1037 = 0. Is u a prime number?
False
Let v(u) = -u**2 + 2 + 4*u + 5*u**2 - 5*u**2 + 4*u**2. Is v(-2) a composite number?
True
Let d = -3 + 6. Suppose r + 303 = 4*b, 81 = d*b - 5*r - 125. Is b a composite number?
True
Let x(z) = -33*z + 9. Is x(-4) a composite number?
True
Let g = 300 + -177. Is g a prime number?
False
Suppose -2*j - j = -42. Suppose d = j + 55. Suppose 4*m - 225 = -d. Is m composite?
True
Suppose -3*i + 102 = -0. Suppose s + i = n, -8*n - s + 152 = -3*n. Is n composite?
False
Let y(s) = 6*s**2 + 2*s - 1. Let l(c) = -c - 18. Let x be l(-12). Is y(x) prime?
False
Let p(k) = -90*k**2 - 1. Let x be p(-1). Let f = -8 - x. Is f prime?
True
Suppose -4*v = -3*v - 4. Let n = v + -7. Is 3/(-1)*10/n prime?
False
Suppose 3*l + 2*b = 7*b + 6, -b = 3*l - 6. Is 3/((-322)/164 + l) prime?
False
Let v(s) = s**3 - 9*s**2 - 9*s - 10. Let u be v(10). Is (8 - 135)*(-1 + u) prime?
True
Let y be (-2 - 3)*4/(-10). Is (-12)/(1 + y) - -327 a prime number?
False
Suppose 2020 = 4*c + 232. Is c composite?
True
Let v = -847 - -1240. Suppose v = 4*d - d. Suppose -3*z - d = -404. Is z a prime number?
False
Let q(u) = 4*u + 2. Let c(t) = -t**2 + 3*t + 5. Let l be c(5). Let n be q(l). Let f = n - -113. Is f prime?
False
Let a(k) = 109*k - 48. Is a(23) a composite number?
False
Suppose 20*q = 7*q + 36205. Is q a prime number?
False
Suppose 0 = -5*y - 77 + 337. Suppose -3*k - l - 83 = 0, -2*k + 0*k + l - y = 0. Let d = k - -82. Is d a composite number?
True
Is (1/2)/(6/14724) a prime number?
False
Let m be -1*2 + 2 + -20. Is ((-2230)/m)/(2/4) a composite number?
False
Let p(z) = -z**2 - z - 8. Let u be p(0). Let n(i) = -i**3 - 9*i**2 - 8*i + 3. Is n(u) prime?
True
Let s(q) = q**2 + 2*q - 3. Let f be s(-3). Suppose 3*b = -f*b + 258. Is b a prime number?
False
Suppose 2*l - 50 = -3*l. Suppose -l = 2*d - 7*d. Is 55/d*16/20 a prime number?
False
Suppose 2538 = -3*r + 11235. Is r a composite number?
True
Suppose 0 = -5*m - 5, -1 = -2*w + 2*m + 5. Suppose 0 = w*g - 36 - 80. Is g a prime number?
False
Let a = 1020 + -584. Let p = a - -7. Is p a prime number?
True
Suppose 709 = 5*h + 2249. Let k = 53 - h. Suppose 3*p + 5*n - k = 0, -2*n - 12 = n. Is p composite?
False
Let r be (0/1)/(0 - 1). Suppose -4*v + 19 + 1 = r. Suppose 3*o = v*o - 50. Is o a prime number?
False
Is (1 - 2)*(-218 + -1) a prime number?
False
Let p(i) = -i**3 - 7*i**2 + 5. Let q be p(-7). Suppose v = 5*c - 466, q*c - 457 = -v + 7. Is c prime?
False
Suppose -135 = -5*b + 5*h, 3*b - 4*b = -3*h - 17. Is (1 + 2 - b)*-11 composite?
True
Let f be (-1)/(3/(-6))*-40. Let r = f + 117. Is r a prime number?
True
Let s(f) = -f**2 - f + 3. Let c be s(0). Suppose 109 - 9 = -5*p. Let v = c - p. Is v prime?
True
Let y(t) = 2*t**2 + t + 149. Is y(0) a prime number?
True
Suppose 11 = 2*o - 3. Let b(r) = -7 + r**2 + o - r. Is b(3) a composite number?
True
Suppose 0 = 4*g + 4*s - 4772, -g + 6*g - 5971 = -2*s. Is g a prime number?
False
Let a = -86 - 20. Let p = a + 163. Suppose q - 5*b = -7*b + p, 2*q - 74 = 4*b. Is q composite?
False
Let h(w) = w**2 - 14*w + 4. Let m = -2 + 11. Let d be h(m). Let n = d + 60. Is n a composite number?
False
Suppose 3*n = -4*u + 219, -2*u + 2*n + 3*n + 103 = 0. Let s = u - -17. Is s prime?
True
Suppose 3*x - 5*x = -674. Suppose k = x - 114. Is k a prime number?
True
Suppose -3*l = w - 134, -4*l + l + 142 = 5*w. Let y be 0 + 1 - (0 - 4). Suppose l = y*k - 1. Is k a composite number?
True
Let l(a) = -a + 18. Let o be l(11). Suppose 635 = o*c - 2*c. Is c a prime number?
True
Let t(f) = -2*f**3 - 5*f**2 - 2*f + 4. Suppose -2*o - 2*y = 3*y - 9, -2*o + 5*y = 21. Is t(o) prime?
True
Suppose b + 4*l = 305, 867 = 3*b - l - 3*l. Is b prime?
True
Let l(x) = x**2 + 6*x - 7. Let p be l(-5). Let h be (p/9)/((-1)/108). Let c = h - -19. Is c composite?
False
Let y(t) = -t - 2. Let v be y(-4). Let i be (-1)/(v*1/(-212)). Suppose i + 124 = 2*n. Is n a prime number?
False
Suppose -2*b + t = 24, -t - 4*t = -4*b - 42. Suppose 2*u = -k + u + 25, 47 = 2*k + u. Let w = k + b. Is w a composite number?
True
Suppose 4*c - 2*c - 154 = 0. Is c a prime number?
False
Suppose -v = -3*v - 84. Is (v/4)/((-5)/10) a prime number?
False
Let s be (21/(-28))/((-3)/96). Suppose -133 = -v + s. Is v a prime number?
True
Let k = -14 - -345. Is k a prime number?
True
Let p(u) = -u**2 - 3*u + 5. Let w be p(-3). Suppose 4*a - w*a = 3*y - 998, -4*a - 973 = -3*y. Is y composite?
False
Let d be (-1 - -2) + -1 + 4. Suppose -d*b = -199 - 13. Is b composite?
False
Let o = 390 + -235. Suppose 2*g - o = -7. Suppose r + r - g = 0. Is r a prime number?
True
Let g be 20/6*18/15. Suppose 2*x - g = b, 4*x - 24 = -2*b - 0. Is b/2 - (-1 - 4) a prime number?
True
Is ((-3 - -833)/(-5))/(-2) prime?
True
Suppose 2*h = 5*h - 72. Let g = 6 - -37. Let o = g - h. Is o prime?
True
Let d(w) be the third derivative of 7*w**5/60 - w**4/24 - w**3/6 - 6*w**2. Is d(-1) a prime number?
True
Let j = 109 + -179. Let v = j + 157. Is v prime?
False
Suppose 5*j - h - 21 = 0, 3*h + 1 = 2*h. Let t(z) = -z**3 + 7*z**2 - 5*z + 3. Is t(j) a composite number?
False
Suppose 0*m + m + 2*i - 535 = 0, 3*m + 5*i - 1601 = 0. Is m a composite number?
True
Let y = -233 + 690. Is y a composite number?
False
Let u(y) be the third deriv